{"id":950,"date":"2025-10-30T14:36:56","date_gmt":"2025-10-30T20:36:56","guid":{"rendered":"https:\/\/altolaguna.com\/?page_id=950"},"modified":"2026-01-24T12:40:40","modified_gmt":"2026-01-24T18:40:40","slug":"s-alojamiento","status":"publish","type":"page","link":"https:\/\/altolaguna.com\/?page_id=950","title":{"rendered":"S.-Alojamiento"},"content":{"rendered":"\t\t<div data-elementor-type=\"wp-page\" data-elementor-id=\"950\" class=\"elementor elementor-950\">\n\t\t\t\t<div class=\"elementor-element elementor-element-1fa1e40 e-flex e-con-boxed e-con e-parent\" data-id=\"1fa1e40\" data-element_type=\"container\" data-settings=\"{&quot;background_background&quot;:&quot;classic&quot;,&quot;shape_divider_bottom&quot;:&quot;curve&quot;,&quot;shape_divider_bottom_negative&quot;:&quot;yes&quot;}\">\n\t\t\t\t\t<div class=\"e-con-inner\">\n\t\t\t\t<div class=\"elementor-shape elementor-shape-bottom\" aria-hidden=\"true\" data-negative=\"true\">\n\t\t\t<svg xmlns=\"http:\/\/www.w3.org\/2000\/svg\" viewBox=\"0 0 1000 100\" preserveAspectRatio=\"none\">\n\t<path class=\"elementor-shape-fill\" d=\"M500,97C126.7,96.3,0.8,19.8,0,0v100l1000,0V1C1000,19.4,873.3,97.8,500,97z\"\/>\n<\/svg>\t\t<\/div>\n\t\t\t\t<div class=\"elementor-element elementor-element-26e40fb elementor-widget elementor-widget-heading\" data-id=\"26e40fb\" data-element_type=\"widget\" data-widget_type=\"heading.default\">\n\t\t\t\t\t<h1 class=\"elementor-heading-title elementor-size-default\">Servicio # 2<\/h1>\t\t\t\t<\/div>\n\t\t\t\t\t<\/div>\n\t\t\t\t<\/div>\n\t\t<div class=\"elementor-element elementor-element-25f2ca9 e-flex e-con-boxed e-con e-parent\" data-id=\"25f2ca9\" data-element_type=\"container\">\n\t\t\t\t\t<div class=\"e-con-inner\">\n\t\t\t\t<div class=\"elementor-element elementor-element-f914814 elementor-widget elementor-widget-image-gallery\" data-id=\"f914814\" data-element_type=\"widget\" data-widget_type=\"image-gallery.default\">\n\t\t\t\t\t\t\t<div class=\"elementor-image-gallery\">\n\t\t\t<div id='gallery-1' class='gallery galleryid-950 gallery-columns-4 gallery-size-full'><figure class='gallery-item'>\n\t\t\t<div class='gallery-icon landscape'>\n\t\t\t\t<a data-elementor-open-lightbox=\"yes\" data-elementor-lightbox-slideshow=\"f914814\" data-elementor-lightbox-title=\"AltoLaguna128-o\" data-e-action-hash=\"#elementor-action%3Aaction%3Dlightbox%26settings%3DeyJpZCI6NDgxLCJ1cmwiOiJodHRwczpcL1wvYWx0b2xhZ3VuYS5jb21cL3dwLWNvbnRlbnRcL3VwbG9hZHNcLzIwMjVcLzEwXC9BbHRvTGFndW5hMTI4LW8uanBnIiwic2xpZGVzaG93IjoiZjkxNDgxNCJ9\" href='https:\/\/altolaguna.com\/wp-content\/uploads\/2025\/10\/AltoLaguna128-o.jpg'><img fetchpriority=\"high\" decoding=\"async\" width=\"1500\" height=\"1000\" src=\"https:\/\/altolaguna.com\/wp-content\/uploads\/2025\/10\/AltoLaguna128-o.jpg\" class=\"attachment-full size-full\" alt=\"\" srcset=\"https:\/\/altolaguna.com\/wp-content\/uploads\/2025\/10\/AltoLaguna128-o.jpg 1500w, https:\/\/altolaguna.com\/wp-content\/uploads\/2025\/10\/AltoLaguna128-o-300x200.jpg 300w, https:\/\/altolaguna.com\/wp-content\/uploads\/2025\/10\/AltoLaguna128-o-1024x683.jpg 1024w, https:\/\/altolaguna.com\/wp-content\/uploads\/2025\/10\/AltoLaguna128-o-768x512.jpg 768w\" sizes=\"(max-width: 1500px) 100vw, 1500px\" style=\"width:100%;height:66.67%;max-width:1500px;\" \/><\/a>\n\t\t\t<\/div><\/figure><figure class='gallery-item'>\n\t\t\t<div class='gallery-icon landscape'>\n\t\t\t\t<a data-elementor-open-lightbox=\"yes\" data-elementor-lightbox-slideshow=\"f914814\" data-elementor-lightbox-title=\"AltoLaguna043-o\" data-e-action-hash=\"#elementor-action%3Aaction%3Dlightbox%26settings%3DeyJpZCI6NDc4LCJ1cmwiOiJodHRwczpcL1wvYWx0b2xhZ3VuYS5jb21cL3dwLWNvbnRlbnRcL3VwbG9hZHNcLzIwMjVcLzEwXC9BbHRvTGFndW5hMDQzLW8uanBnIiwic2xpZGVzaG93IjoiZjkxNDgxNCJ9\" href='https:\/\/altolaguna.com\/wp-content\/uploads\/2025\/10\/AltoLaguna043-o.jpg'><img decoding=\"async\" width=\"1500\" height=\"1000\" src=\"https:\/\/altolaguna.com\/wp-content\/uploads\/2025\/10\/AltoLaguna043-o.jpg\" class=\"attachment-full size-full\" alt=\"\" srcset=\"https:\/\/altolaguna.com\/wp-content\/uploads\/2025\/10\/AltoLaguna043-o.jpg 1500w, https:\/\/altolaguna.com\/wp-content\/uploads\/2025\/10\/AltoLaguna043-o-300x200.jpg 300w, https:\/\/altolaguna.com\/wp-content\/uploads\/2025\/10\/AltoLaguna043-o-1024x683.jpg 1024w, https:\/\/altolaguna.com\/wp-content\/uploads\/2025\/10\/AltoLaguna043-o-768x512.jpg 768w\" sizes=\"(max-width: 1500px) 100vw, 1500px\" style=\"width:100%;height:66.67%;max-width:1500px;\" \/><\/a>\n\t\t\t<\/div><\/figure><figure class='gallery-item'>\n\t\t\t<div class='gallery-icon landscape'>\n\t\t\t\t<a data-elementor-open-lightbox=\"yes\" data-elementor-lightbox-slideshow=\"f914814\" data-elementor-lightbox-title=\"AltoLaguna046-o\" data-e-action-hash=\"#elementor-action%3Aaction%3Dlightbox%26settings%3DeyJpZCI6NDc5LCJ1cmwiOiJodHRwczpcL1wvYWx0b2xhZ3VuYS5jb21cL3dwLWNvbnRlbnRcL3VwbG9hZHNcLzIwMjVcLzEwXC9BbHRvTGFndW5hMDQ2LW8uanBnIiwic2xpZGVzaG93IjoiZjkxNDgxNCJ9\" href='https:\/\/altolaguna.com\/wp-content\/uploads\/2025\/10\/AltoLaguna046-o.jpg'><img decoding=\"async\" width=\"1500\" height=\"1000\" src=\"https:\/\/altolaguna.com\/wp-content\/uploads\/2025\/10\/AltoLaguna046-o.jpg\" class=\"attachment-full size-full\" alt=\"\" srcset=\"https:\/\/altolaguna.com\/wp-content\/uploads\/2025\/10\/AltoLaguna046-o.jpg 1500w, https:\/\/altolaguna.com\/wp-content\/uploads\/2025\/10\/AltoLaguna046-o-300x200.jpg 300w, https:\/\/altolaguna.com\/wp-content\/uploads\/2025\/10\/AltoLaguna046-o-1024x683.jpg 1024w, https:\/\/altolaguna.com\/wp-content\/uploads\/2025\/10\/AltoLaguna046-o-768x512.jpg 768w\" sizes=\"(max-width: 1500px) 100vw, 1500px\" style=\"width:100%;height:66.67%;max-width:1500px;\" \/><\/a>\n\t\t\t<\/div><\/figure><figure class='gallery-item'>\n\t\t\t<div class='gallery-icon landscape'>\n\t\t\t\t<a data-elementor-open-lightbox=\"yes\" data-elementor-lightbox-slideshow=\"f914814\" data-elementor-lightbox-title=\"DSC00948-Enhanced-NR 2\" data-e-action-hash=\"#elementor-action%3Aaction%3Dlightbox%26settings%3DeyJpZCI6ODMzLCJ1cmwiOiJodHRwczpcL1wvYWx0b2xhZ3VuYS5jb21cL3dwLWNvbnRlbnRcL3VwbG9hZHNcLzIwMjVcLzEwXC9EU0MwMDk0OC1FbmhhbmNlZC1OUi0yLmpwZyIsInNsaWRlc2hvdyI6ImY5MTQ4MTQifQ%3D%3D\" href='https:\/\/altolaguna.com\/wp-content\/uploads\/2025\/10\/DSC00948-Enhanced-NR-2.jpg'><img loading=\"lazy\" decoding=\"async\" width=\"1500\" height=\"844\" src=\"https:\/\/altolaguna.com\/wp-content\/uploads\/2025\/10\/DSC00948-Enhanced-NR-2.jpg\" class=\"attachment-full size-full\" alt=\"\" srcset=\"https:\/\/altolaguna.com\/wp-content\/uploads\/2025\/10\/DSC00948-Enhanced-NR-2.jpg 1500w, https:\/\/altolaguna.com\/wp-content\/uploads\/2025\/10\/DSC00948-Enhanced-NR-2-300x169.jpg 300w, https:\/\/altolaguna.com\/wp-content\/uploads\/2025\/10\/DSC00948-Enhanced-NR-2-1024x576.jpg 1024w, https:\/\/altolaguna.com\/wp-content\/uploads\/2025\/10\/DSC00948-Enhanced-NR-2-768x432.jpg 768w\" sizes=\"(max-width: 1500px) 100vw, 1500px\" style=\"width:100%;height:56.27%;max-width:1500px;\" \/><\/a>\n\t\t\t<\/div><\/figure><figure class='gallery-item'>\n\t\t\t<div class='gallery-icon landscape'>\n\t\t\t\t<a data-elementor-open-lightbox=\"yes\" data-elementor-lightbox-slideshow=\"f914814\" data-elementor-lightbox-title=\"DSC00950-Enhanced-NR 2-convertido-a-1500x844 2\" data-e-action-hash=\"#elementor-action%3Aaction%3Dlightbox%26settings%3DeyJpZCI6ODM3LCJ1cmwiOiJodHRwczpcL1wvYWx0b2xhZ3VuYS5jb21cL3dwLWNvbnRlbnRcL3VwbG9hZHNcLzIwMjVcLzEwXC9EU0MwMDk1MC1FbmhhbmNlZC1OUi0yLWNvbnZlcnRpZG8tYS0xNTAweDg0NC0yLmpwZWciLCJzbGlkZXNob3ciOiJmOTE0ODE0In0%3D\" href='https:\/\/altolaguna.com\/wp-content\/uploads\/2025\/10\/DSC00950-Enhanced-NR-2-convertido-a-1500x844-2.jpeg'><img loading=\"lazy\" decoding=\"async\" width=\"1500\" height=\"844\" src=\"https:\/\/altolaguna.com\/wp-content\/uploads\/2025\/10\/DSC00950-Enhanced-NR-2-convertido-a-1500x844-2.jpeg\" class=\"attachment-full size-full\" alt=\"\" srcset=\"https:\/\/altolaguna.com\/wp-content\/uploads\/2025\/10\/DSC00950-Enhanced-NR-2-convertido-a-1500x844-2.jpeg 1500w, https:\/\/altolaguna.com\/wp-content\/uploads\/2025\/10\/DSC00950-Enhanced-NR-2-convertido-a-1500x844-2-300x169.jpeg 300w, https:\/\/altolaguna.com\/wp-content\/uploads\/2025\/10\/DSC00950-Enhanced-NR-2-convertido-a-1500x844-2-1024x576.jpeg 1024w, https:\/\/altolaguna.com\/wp-content\/uploads\/2025\/10\/DSC00950-Enhanced-NR-2-convertido-a-1500x844-2-768x432.jpeg 768w\" sizes=\"(max-width: 1500px) 100vw, 1500px\" style=\"width:100%;height:56.27%;max-width:1500px;\" \/><\/a>\n\t\t\t<\/div><\/figure>\n\t\t<\/div>\n\t\t<\/div>\n\t\t\t\t\t\t<\/div>\n\t\t\t\t\t<\/div>\n\t\t\t\t<\/div>\n\t\t<div class=\"elementor-element elementor-element-245a28c e-flex e-con-boxed e-con e-parent\" data-id=\"245a28c\" data-element_type=\"container\">\n\t\t\t\t\t<div class=\"e-con-inner\">\n\t\t<div class=\"elementor-element elementor-element-b942c18 e-con-full e-flex e-con e-child\" data-id=\"b942c18\" data-element_type=\"container\">\n\t\t\t\t<div class=\"elementor-element elementor-element-1560a7e elementor-widget elementor-widget-heading\" data-id=\"1560a7e\" data-element_type=\"widget\" data-widget_type=\"heading.default\">\n\t\t\t\t\t<h1 class=\"elementor-heading-title elementor-size-default\">Servicio de Hospedaje<\/h1>\t\t\t\t<\/div>\n\t\t\t\t<div class=\"elementor-element elementor-element-e33365a elementor-widget elementor-widget-heading\" data-id=\"e33365a\" data-element_type=\"widget\" data-widget_type=\"heading.default\">\n\t\t\t\t\t<p class=\"elementor-heading-title elementor-size-default\">Dormir en el Territorio Ind\u00edgena de Alto Laguna es una oportunidad para compartir de forma cercana con una comunidad ind\u00edgena y disfrutar de un entorno natural tranquilo y aut\u00e9ntico. El alojamiento comunitario ofrece un espacio sencillo y acogedor para descansar, convivir y conocer el d\u00eda a d\u00eda de la vida local, siempre desde el respeto a la cultura, las tradiciones y el territorio. Es una experiencia pensada para quienes buscan un turismo responsable y una conexi\u00f3n real con la naturaleza y la comunidad anfitriona.<\/p>\t\t\t\t<\/div>\n\t\t\t\t<div class=\"elementor-element elementor-element-41587a2 elementor-widget elementor-widget-heading\" data-id=\"41587a2\" data-element_type=\"widget\" data-widget_type=\"heading.default\">\n\t\t\t\t\t<p class=\"elementor-heading-title elementor-size-default\">Nuestro hospedaje incluye: <br>\n- Refrigerio de bienvenida<br>\n- Desayuno<br>\n- Cena<br>\n- Tour (A elecci\u00f3n del cliente)<br>\n- Acceso Wi-Fi<\/p>\t\t\t\t<\/div>\n\t\t\t\t<\/div>\n\t\t<div class=\"elementor-element elementor-element-b4d68c1 e-con-full e-flex e-con e-child\" data-id=\"b4d68c1\" data-element_type=\"container\">\n\t\t\t\t<div class=\"elementor-element elementor-element-ffbdd96 elementor-widget elementor-widget-stepbooking\" data-id=\"ffbdd96\" data-element_type=\"widget\" data-widget_type=\"stepbooking.default\">\n\t\t\t\t<div class=\"elementor-widget-container\">\n\t\t\t\t\t\n<script>\n  if (typeof hasAmeliaEntitiesApiCall === 'undefined' && '' === '') {\n    var hasAmeliaEntitiesApiCall = true;\n  }\n  var ameliaShortcodeData = (typeof ameliaShortcodeData === 'undefined') ? [] : ameliaShortcodeData;\n  ameliaShortcodeData.push(\n    {\n      'hasApiCall': (typeof hasAmeliaEntitiesApiCall !== 'undefined') && hasAmeliaEntitiesApiCall,\n      'trigger': '',\n      'trigger_type': '',\n      'triggered_form': 'sbsNew',\n      'in_dialog': '',\n      'show': '',\n      'counter': '1000',\n      'category': '2',\n      'service': '',\n      'employee': '3',\n      'location': '',\n      'package': ''\n    }\n  );\n\n  var ameliaShortcodeDataTriggered = (typeof ameliaShortcodeDataTriggered === 'undefined') ? [] : ameliaShortcodeDataTriggered;\n  if (ameliaShortcodeData[ameliaShortcodeData.length - 1].trigger !== '') {\n    if (ameliaShortcodeDataTriggered.filter(a => a.counter === ameliaShortcodeData[ameliaShortcodeData.length - 1].counter).length === 0) {\n      ameliaShortcodeDataTriggered.push(ameliaShortcodeData.pop());\n    } else {\n      ameliaShortcodeData.pop()\n    }\n  }\n  if (typeof hasAmeliaEntitiesApiCall !== 'undefined' && hasAmeliaEntitiesApiCall) {\n    hasAmeliaEntitiesApiCall = false;\n  }\n<\/script>\n\n<div\n  id=\"amelia-v2-booking-1000\"\n  class=\"amelia-v2-booking\"\n >\n    <step-form-wrapper><\/step-form-wrapper><\/div>\n\t\t\t\t<\/div>\n\t\t\t\t<\/div>\n\t\t\t\t<\/div>\n\t\t\t\t\t<\/div>\n\t\t\t\t<\/div>\n\t\t\t\t<\/div>\n\t\t","protected":false},"excerpt":{"rendered":"<p>Servicio # 2 Servicio de Hospedaje Dormir en el Territorio Ind\u00edgena de Alto Laguna es una oportunidad para compartir de forma cercana con una comunidad ind\u00edgena y disfrutar de un entorno natural tranquilo y aut\u00e9ntico. El alojamiento comunitario ofrece un espacio sencillo y acogedor para descansar, convivir y conocer el d\u00eda a d\u00eda de la&hellip; <a class=\"more-link\" href=\"https:\/\/altolaguna.com\/?page_id=950\">Continuar leyendo <span class=\"screen-reader-text\">S.-Alojamiento<\/span><\/a><\/p>\n","protected":false},"author":1,"featured_media":0,"parent":0,"menu_order":0,"comment_status":"closed","ping_status":"closed","template":"elementor_header_footer","meta":{"inline_featured_image":false,"footnotes":""},"class_list":["post-950","page","type-page","status-publish","hentry","entry"],"_links":{"self":[{"href":"https:\/\/altolaguna.com\/index.php?rest_route=\/wp\/v2\/pages\/950","targetHints":{"allow":["GET"]}}],"collection":[{"href":"https:\/\/altolaguna.com\/index.php?rest_route=\/wp\/v2\/pages"}],"about":[{"href":"https:\/\/altolaguna.com\/index.php?rest_route=\/wp\/v2\/types\/page"}],"author":[{"embeddable":true,"href":"https:\/\/altolaguna.com\/index.php?rest_route=\/wp\/v2\/users\/1"}],"replies":[{"embeddable":true,"href":"https:\/\/altolaguna.com\/index.php?rest_route=%2Fwp%2Fv2%2Fcomments&post=950"}],"version-history":[{"count":27,"href":"https:\/\/altolaguna.com\/index.php?rest_route=\/wp\/v2\/pages\/950\/revisions"}],"predecessor-version":[{"id":1298,"href":"https:\/\/altolaguna.com\/index.php?rest_route=\/wp\/v2\/pages\/950\/revisions\/1298"}],"wp:attachment":[{"href":"https:\/\/altolaguna.com\/index.php?rest_route=%2Fwp%2Fv2%2Fmedia&parent=950"}],"curies":[{"name":"wp","href":"https:\/\/api.w.org\/{rel}","templated":true}]}}